 66 a factor of 4715?
False
Does 4 divide 194?
False
Is 3 a factor of 158?
False
Does 11 divide 132?
True
Is 3511 a multiple of 93?
False
Does 16 divide 3648?
True
Is 123 even?
False
Is 4 a factor of 118?
False
Is 9 a factor of 927?
True
Does 17 divide 1717?
True
Is 705 a multiple of 15?
True
Is 4428 a multiple of 4?
True
Is 460 a multiple of 10?
True
Does 44 divide 1226?
False
Is 1255 a multiple of 14?
False
Is 174 a multiple of 19?
False
Is 27 a factor of 2133?
True
Is 15 a factor of 225?
True
Does 22 divide 154?
True
Is 3497 a multiple of 72?
False
Is 16 a factor of 1008?
True
Does 9 divide 27486?
True
Is 76 a factor of 2621?
False
Is 8 a factor of 241?
False
Is 6 a factor of 14706?
True
Does 45 divide 801?
False
Is 620 a multiple of 16?
False
Does 5 divide 413?
False
Does 29 divide 4845?
False
Is 1370 a multiple of 47?
False
Is 671 a multiple of 13?
False
Is 17982 a multiple of 54?
True
Is 20 a factor of 2720?
True
Does 220 divide 56980?
True
Is 8 a factor of 16776?
True
Is 2418 a multiple of 62?
True
Does 3 divide 1019?
False
Does 23 divide 3473?
True
Does 7 divide 490?
True
Does 65 divide 1105?
True
Is 688 a multiple of 4?
True
Does 13 divide 1817?
False
Is 202350 a multiple of 25?
True
Does 46 divide 1610?
True
Is 48 a factor of 42432?
True
Is 8 a factor of 469?
False
Is 3200 a multiple of 20?
True
Does 3 divide 136?
False
Does 36 divide 560?
False
Is 23 a factor of 7636?
True
Does 10 divide 1002?
False
Is 4776 a multiple of 12?
True
Does 9 divide 288?
True
Is 25 a factor of 64066?
False
Is 24 a multiple of 3?
True
Is 2212 a multiple of 28?
True
Is 1322 a multiple of 56?
False
Is 92579 a multiple of 61?
False
Is 11 a factor of 539?
True
Does 13 divide 2190?
False
Does 90 divide 14937?
False
Is 59 a factor of 2106?
False
Does 8 divide 432?
True
Is 3950 a multiple of 79?
True
Is 34 a factor of 37348?
False
Is 46 a factor of 283?
False
Is 67 a multiple of 34?
False
Does 51 divide 408?
True
Does 24 divide 1104?
True
Is 748 a multiple of 9?
False
Is 60 a factor of 24646?
False
Is 17 a multiple of 17?
True
Is 352 a multiple of 11?
True
Is 92 a factor of 1656?
True
Does 24 divide 264?
True
Is 20 a factor of 1450?
False
Is 315 a multiple of 9?
True
Is 6006 a multiple of 26?
True
Is 100 a factor of 1228?
False
Is 13 a factor of 1157?
True
Does 27 divide 27377?
False
Does 76 divide 7029?
False
Is 5127 a multiple of 21?
False
Does 8 divide 280?
True
Is 175640 a multiple of 20?
True
Is 4960 a multiple of 59?
False
Is 10 a factor of 124?
False
Is 20210 a multiple of 94?
True
Does 29 divide 2639?
True
Is 8276 a multiple of 12?
False
Does 2 divide 4007?
False
Does 8 divide 6920?
True
Is 7 a factor of 1953?
True
Does 6 divide 9708?
True
Does 130 divide 789?
False
Is 30261 a multiple of 77?
True
Is 880 a multiple of 40?
True
Does 21 divide 3297?
True
Is 10 a factor of 1940?
True
Is 4716 a multiple of 4?
True
Is 540 a multiple of 45?
True
Is 57 a factor of 1820?
False
Does 16 divide 368?
True
Does 29 divide 1728?
False
Is 10 a factor of 4660?
True
Does 58 divide 3074?
True
Is 73 a factor of 7349?
False
Is 8 a factor of 64?
True
Is 4312 a multiple of 98?
True
Is 2 a factor of 1146?
True
Is 13 a factor of 6071?
True
Is 550 a multiple of 55?
True
Is 16842 a multiple of 14?
True
Is 35 a factor of 490?
True
Does 11 divide 24497?
True
Is 54 a factor of 56214?
True
Is 180 a multiple of 6?
True
Is 1117 a multiple of 14?
False
Does 6 divide 561?
False
Is 42 a factor of 3738?
True
Is 3180 a multiple of 30?
True
Is 611 a multiple of 13?
True
Is 70776 a multiple of 9?
True
Is 1783 a multiple of 86?
False
Is 13 a factor of 494?
True
Is 4312 a multiple of 11?
True
Is 1080 a multiple of 18?
True
Is 28 a multiple of 2?
True
Is 63143 a multiple of 271?
True
Does 2 divide 10277?
False
Is 80976 a multiple of 84?
True
Does 16 divide 1968?
True
Is 16 a factor of 429?
False
Is 12 a factor of 12?
True
Is 2272 a multiple of 71?
True
Is 2179 a multiple of 21?
False
Does 10 divide 580?
True
Is 12 a factor of 264?
True
Does 3 divide 11484?
True
Is 9900 a multiple of 9?
True
Does 2 divide 99?
False
Is 5 a factor of 1930?
True
Is 38 a factor of 836?
True
Does 34 divide 7324?
False
Does 7 divide 6158?
False
Is 10207 a multiple of 2?
False
Is 103 a factor of 23278?
True
Is 27 a factor of 1241?
False
Is 22 a factor of 2970?
True
Is 696 a multiple of 29?
True
Does 23 divide 13708?
True
Does 11 divide 24772?
True
Does 129 divide 3546?
False
Is 12096 a multiple of 8?
True
Does 175 divide 9563?
False
Is 1094 a multiple of 41?
False
Does 80 divide 4402?
False
Is 33 a factor of 117?
False
Is 312 a multiple of 78?
True
Is 399 a multiple of 2?
False
Does 23 divide 575?
True
Is 65167 a multiple of 252?
False
Does 12 divide 3693?
False
Does 121 divide 2783?
True
Does 4 divide 276?
True
Does 6 divide 168?
True
Is 2268 a multiple of 54?
True
Is 470 a multiple of 47?
True
Is 121656 a multiple of 296?
True
Is 68 a factor of 4321?
False
Does 12 divide 99132?
True
Is 503 a multiple of 19?
False
Is 3 a factor of 1033?
False
Does 60 divide 2580?
True
Is 17 a factor of 1068?
False
Is 9 a factor of 72?
True
Is 1305 a multiple of 45?
True
Does 7 divide 1070?
False
Does 6 divide 8110?
False
Is 1560 a multiple of 13?
True
Does 165 divide 8577?
False
Is 7 a factor of 25781?
True
Is 25 a factor of 53550?
True
Is 13 a factor of 309?
False
Does 67 divide 24321?
True
Is 7037 a multiple of 154?
False
Does 75 divide 75?
True
Is 914 a multiple of 39?
False
Is 51 a factor of 949?
False
Is 5 a factor of 368?
False
Is 24 a factor of 614?
False
Is 173 a factor of 2249?
True
Does 12 divide 15216?
True
Does 56 divide 6705?
False
Is 24 a factor of 9096?
True
Does 15 divide 60?
True
Is 2616 a multiple of 28?
False
Does 32 divide 11168?
True
Does 161 divide 22386?
False
Is 88 even?
True
Does 19 divide 6232?
True
Is 6 a factor of 210?
True
Is 65491 a multiple of 435?
False
Does 87 divide 13050?
True
Does 12 divide 32748?
True
Is 233 a multiple of 36?
False
Does 28 divide 252?
True
Is 18 a factor of 432?
True
Does 6 divide 753?
False
Is 361 a multiple of 4?
False
Is 1336 a multiple of 8?
True
Is 61 a multiple of 25?
False
Is 205 a factor of 20016?
False
Is 9 a factor of 11898?
True
Does 52 divide 1641?
False
Does 36 divide 4752?
True
Is 1362 a multiple of 16?
False
Is 786 a multiple of 22?
False
Is 19500 a multiple of 10?
True
Is 832 a multiple of 26?
True
Does 13 divide 370?
False
Is 4240 a multiple of 16?
True
Is 16 a factor of 1632?
True
Does 59 divide 16195?
False
Does 5 divide 2495?
True
Does 37 divide 296?
True
Is 16 a factor of 240?
True
Is 83 a factor of 1992?
True
Is 52 a factor of 831?
False
Does 9 divide 253?
False
Is 2047 a multiple of 2?
False
Does 10 divide 1387?
False
Is 1888 a multiple of 9?
False
Is 17 a factor of 785?
False
Does 3 divide 192?
True
Is 61248 a multiple of 66?
True
Is 6763 a multiple of 8?
False
Is 5 a factor of 760?
True
Is 896 a multiple of 56?
True
Does 9 divide 14146?
False
Is 608 a multiple of 53?
False
Does 23 divide 2481?
False
Is 542 a multiple of 6?
False
Does 55 divide 18307?
False
Does 5 divide 6450?
True
Is 60 a factor of 1997?
False
Is 12 a factor of 504?
True
Is 41616 a multiple of 36?
True
Is 5936 a multiple of 10?
False
Is 8693 a multiple of 92?
False
Is 4734 a multiple of 7?
False
Does 31 divide 65751?
True
Is 5303 a multiple of 15?
False
Does 38 divide 912?
True
Is 7 a factor of 1263?
False
Is 6423 a multiple of 18?
False
Is 13 a factor of 6493?
False
Is 225 a factor of 18900?
True
Is 56619 a multiple of 45?
False
Is 88 even?
True
Is 11 a factor of 2035?
True
Does 42 divide 294?
True
Does 24 divide 2826?
False
Is 949 a multiple of 19?
False
Is 3 a factor of 937?
False
Is 1965 a multiple of 15?
True
Is 4 a factor of 16292?
True
Is 50 a factor of 2100?
True
Is 1071 a multiple of 63?
True
Is 68 a factor of 68661?
False
Is 9398 a multiple of 125?
False
Is 6 a factor of 36?
True
Is 11 a factor of 244?
False
Is 1562 a multiple of 11?
True
Is 12 a factor of 16987?
False
Is 20 a factor of 77414?
False
Does 10 divide 149?
False
Is 12 a factor of 4972?
False
Is 7 a factor of 385?
True
Does 120 divide 79560?
True
Does 8 divide 20326?
False
Is 15 a factor of 2490?
True
Does 78 divide 5304?
True
Is 4296 a multiple of 6?
True
Is 940 a multiple of 21?
False
Is 781 even?
False
Is 15 a fac